lculate the remainder when 81 is divided by h(-4).
4
Let i = -11 - -15. Calculate the remainder when 180/63*(-70)/(-25) is divided by i.
0
Let l = -182 - -200. Calculate the remainder when 26 is divided by l.
8
Let j = -16 + -4. Let u = 25 + j. Suppose -24 - u = -c. What is the remainder when 142 is divided by c?
26
Let o = 125 + -12. Let x = -39 + o. Calculate the remainder when x is divided by 25.
24
Let g(h) = -18*h - 40. Calculate the remainder when 63 is divided by g(-3).
7
Let n(h) = -h**3 + 9*h**2 + 39*h - 132. What is the remainder when 148 is divided by n(11)?
38
Suppose 0*l + 56 = 4*l. Let m = 28 + -44. Let o = m + 24. What is the remainder when l is divided by o?
6
Let k be 6*10 + 6/(-2). Calculate the remainder when 72 is divided by ((-1)/1)/((-117)/k + 2).
15
Let w = -33 + 93. Suppose 2*m - 7*m = 130. What is the remainder when w is divided by 6/4 + (-507)/m?
18
Suppose 1599 = 12*s - 681. Calculate the remainder when 190 is divided by s.
0
Calculate the remainder when 103 is divided by (7/(-28))/((-2)/120).
13
Let t = -7 + 14. Suppose t = -12*y + 67. What is the remainder when 13 is divided by y?
3
Let v(p) = p**3 + 7*p**2 - 18*p + 17. Calculate the remainder when 134 is divided by v(-9).
15
Let s(y) be the second derivative of y**5/20 - 2*y**4/3 - 4*y**3/3 + 10*y**2 + 7*y. Let g = 44 + 41. Calculate the remainder when g is divided by s(9).
27
Let l(i) = 129*i - 195. Calculate the remainder when l(2) is divided by 19.
6
Suppose 12 + 8 = 5*w. Suppose -24 - 60 = -w*y. What is the remainder when 3 - 8 - (1 - 67) is divided by y?
19
Let z = -137 - -202. Calculate the remainder when z is divided by 30/3*2 - -2.
21
Let l = -4 - -7. Suppose -l*p = -p. Suppose k + 3*k - 56 = p. What is the remainder when k is divided by 5?
4
Suppose -180 = -5*k - t, 2*k - 23 = t + 56. Suppose -c - 3*a = -k, -4*a - 2 - 10 = 0. Calculate the remainder when 91 is divided by c.
45
Suppose 20 = 2*b + x, -3*b + 0*b = 4*x - 35. Calculate the remainder when b is divided by 6.
3
Let s = -995 + 1306. Calculate the remainder when s is divided by 80.
71
Let d(r) = 3*r - 29. Let f be d(11). Suppose 2*y - 90 = -2*w, f*y = -2*w - 27 + 213. Calculate the remainder when y is divided by 7.
6
Let v be 4/(-10) - (-1)/(-5)*-17. Calculate the remainder when ((-2)/(-1))/(3/42) is divided by ((-2)/v)/((-8)/192).
12
Suppose -3*c - 4*p = 42, -3*c - 21 = -c + 5*p. Let z = -18 - c. Suppose z = -4*y + 2*y + 38. Calculate the remainder when 36 is divided by y.
17
Let g = -338 + 382. Calculate the remainder when 171 is divided by g.
39
Let h be (-2)/(-4) - 189/(-14). Let c = 17 - h. Calculate the remainder when 19 is divided by 1/((12/20)/c).
4
Let y(c) = -24*c - 237. Calculate the remainder when y(-14) is divided by 35.
29
Suppose 0*k = -5*a - 2*k - 145, 2*k = -2*a - 64. Calculate the remainder when 21 is divided by (-700)/(-90) - 6/a.
5
Let c(a) = a**2 - 12*a - 6. Let o be c(12). Suppose 0 = 6*b - 87 + 21. Let z = o + b. Calculate the remainder when z is divided by 4.
1
Let u = -761 + 1092. Calculate the remainder when u is divided by 37.
35
Suppose 16 = -3*w - 182. Let m = 86 + w. What is the remainder when 157 is divided by m?
17
Suppose -3*o + 30 - 24 = 0. Suppose -4*g + 60 = o*r, 2*g - 12 = 2*r - 96. Calculate the remainder when 73 is divided by r.
35
Let m(y) = 4*y + 83. Let w(n) = 2*n + 42. Let i(s) = 3*m(s) - 5*w(s). Calculate the remainder when i(0) is divided by 7.
4
Let d(c) = -c**2 + 18*c + 17. Let w be d(19). Let n be (w/6)/(10/(-60)). Suppose n*o + 2 = 6. Calculate the remainder when o is divided by 2.
0
Let j(s) = 81*s - 125. Calculate the remainder when j(4) is divided by 12.
7
Let y = 1055 - 580. Calculate the remainder when y is divided by 30.
25
Let y = 566 + -528. What is the remainder when 53 is divided by y?
15
Let d(c) = -c**3 + 7*c**2 + 21*c + 4. Calculate the remainder when 43 is divided by d(9).
12
Let r be (1/(-3))/((-1)/15). Let s(k) = -k**2 + 5*k + 5. Let z be s(r). Suppose -z*l = -3*l - 34. Calculate the remainder when l is divided by 10.
7
Let f(o) = -o**3 + 3*o**2 + 5*o - 4. Calculate the remainder when 37 is divided by f(3).
4
Suppose 0 = 4*a - 30 - 38. Let z(t) = 5*t**2 - 3. Let r(l) = -14*l**2 - l + 8. Let o(i) = -3*r(i) - 8*z(i). What is the remainder when o(5) is divided by a?
14
Let d be 6 + 2 + -1*(1 - 2). What is the remainder when (-1 - 0)*d/(45/(-410)) is divided by 21?
19
Suppose 8*z + 302 = 3*d + 4*z, -2*d - 5*z + 186 = 0. Calculate the remainder when d is divided by 29.
11
Suppose 0 = 12*f - 3*f + 549. Let t = 130 + f. Calculate the remainder when t is divided by 14.
13
Suppose 3192 = 53*l - 39*l. Calculate the remainder when l is divided by 58.
54
Let w(s) = s + 5. Let z be w(4). Let t be 225/z - (1 - -2). What is the remainder when 679/77 + 4/t is divided by 6?
3
Let s(w) = 70*w - 2. Suppose 22 = 2*r - 3*u, r - 11*u = -6*u + 4. What is the remainder when s(1) is divided by r?
12
Suppose 4*g + 4 = -b - 4, 0 = 4*b - 3*g - 63. Suppose 4*n + 3*s = 5*s + 52, 44 = 4*n + 2*s. What is the remainder when n is divided by b?
0
Let x(o) = -o**3 - o**2 - o + 13. Suppose -4 - 8 = p + 5*j, -5*p + 3*j = 4. Let b be (-2 - -1 - -1)/p. What is the remainder when 25 is divided by x(b)?
12
Suppose -3*u + 3*f + 101 = -2*f, 3*f + 105 = 3*u. Suppose 0 = -0*y + y - u. Let p = y + -21. Calculate the remainder when p is divided by 9.
7
Suppose 0 = -3*t + 5*h + 17, 4*h = -6 + 2. Suppose -t*s = -3*s + 3*n - 51, 5*s - 4*n = 312. Calculate the remainder when s is divided by 7.
4
Let c = 433 - 359. Calculate the remainder when c is divided by 25.
24
Suppose 5*p - 19 = 76. Let q = -132 + 205. What is the remainder when q is divided by p?
16
Let c be 2/6 + (7 - (-170)/(-15)). Calculate the remainder when (c + 137/5)*(-20)/(-6) is divided by 16.
14
Suppose -2*n + 329 = d, -5*n = -25*d + 28*d - 824. What is the remainder when n is divided by 55?
53
Let d(r) = -3*r**2 + 3*r - 1. Let p be d(2). Calculate the remainder when 152/(-6)*(42/4)/p is divided by 13.
12
Let r = -18 + 34. Suppose 4*j - 944 = -0*j + 2*z, 4*j - 944 = -z. Suppose 53 - j = -3*i. Calculate the remainder when i is divided by r.
13
Let a = 518 + -517. Let d(t) = t**3 - 4*t**2 + 5*t - 4. Calculate the remainder when d(3) is divided by a.
0
Let p(y) = y**3 + 9*y**2 + 8*y + 5. Let g = -18 - -20. Let r be 48/(-60)*(8 + g). Calculate the remainder when 8 is divided by p(r).
3
Suppose 4*b + 3 = -5*u + 100, -3*u + 3*b = -42. Suppose -5*p + 321 = 4*o, -7*p + 5*p + 125 = 5*o. What is the remainder when p is divided by u?
14
Suppose -5*u = 120 - 75. Let r(j) = 0 + 7*j + 2 + 3*j**2 - 2*j**2. What is the remainder when 58 is divided by r(u)?
18
Let i = 104 + -159. Let h = 19 - i. What is the remainder when h is divided by 38?
36
Let z(p) = -2*p**3 - p**2 - 10*p - 2. Let x(k) = 3*k**3 + k**2 + 10*k + 3. Let a(g) = -3*x(g) - 4*z(g). Calculate the remainder when a(-5) is divided by 34.
31
Suppose 0 = 6*g - 3934 + 1432. What is the remainder when g is divided by 30?
27
Suppose -2*o - y = -15, -17*o + 22*o - y = 34. Suppose 0*v - 2*v = -54. Calculate the remainder when v is divided by o.
6
Suppose 0 = 5*h + 2*h - 63. Calculate the remainder when h is divided by 8.
1
Suppose -2*y = -3*y - 5*z + 41, 0 = -5*z + 20. Let v(s) = -s - 10. Calculate the remainder when (-2 - 1)/(y/(-56)) is divided by v(-13).
2
Suppose 606*l - 210 = 592*l. Calculate the remainder when l is divided by (1 - 1) + 4 + 0.
3
Let i(l) = 8*l**2 + 2*l - 4. Let u be i(3). Let k = 82 - u. What is the remainder when 12 is divided by k?
4
Suppose 207 = -5*u + 14*u. Calculate the remainder when 112 is divided by u.
20
Let x be 12/(-18)*(1 + -16). Let b = 12 + 7. What is the remainder when b is divided by x + (-1 + 2 - 0)?
8
Let q = 76 + -71. Suppose 0*s + 2*s = 5*o - 3, -3*s + 21 = o. Suppose -3*t + 3*u = -s*t + 54, t - 36 = q*u. What is the remainder when 82 is divided by t?
19
Let d be (-33)/(-12) - 3/(-12). Suppose -d*s + 2*s + w = 15, -2*w - 26 = 2*s. Calculate the remainder when 19 is divided by 105/s*(-4)/3.
9
Suppose 0*x + 64 = 4*x. Suppose 4*k - 8 = 4. Suppose 2*d + 9 = k*d. What is the remainder when x is divided by d?
7
Suppose 40*u - 36*u + 8 = 0. What is the remainder when 24 is divided by -28*((-2 - -1) + (-1)/u)?
10
Let z = 19 + 38. Let p = 784 +